6, what is 21104142 + 1?
21104143
In base 14, what is -5ac - 604?
-bb2
In base 15, what is 16 + 7a4?
7ba
In base 3, what is 221112012 + 10?
221112022
In base 16, what is -6 - -b4d8?
b4d2
In base 5, what is -14 + -103343?
-103412
In base 6, what is -220502 - 4?
-220510
In base 6, what is -321 - -133?
-144
In base 13, what is 3a97 - -2?
3a99
In base 6, what is -35410 + 5?
-35401
In base 6, what is 4 - 25051?
-25043
In base 6, what is 23441 + 115?
24000
In base 3, what is 110 - 211122?
-211012
In base 8, what is -2440 + 167?
-2251
In base 3, what is 20 + -10012001?
-10011211
In base 16, what is 2e8c4 - 0?
2e8c4
In base 7, what is 1223 - 14?
1206
In base 5, what is -3 - -231403?
231400
In base 15, what is -8bd21 + -1?
-8bd22
In base 5, what is -342 + -22114?
-23011
In base 13, what is 9 + 25772?
2577b
In base 15, what is 1837 - -d?
1845
In base 16, what is -3d78 + 2e?
-3d4a
In base 7, what is 23 + -152610?
-152554
In base 14, what is 5992 + -62?
5930
In base 7, what is 32611 + -534?
32044
In base 7, what is 2 + 51454?
51456
In base 12, what is -1883 + -1410?
-3093
In base 9, what is -5817 - 24?
-5842
In base 12, what is -167 + 11138?
10b91
In base 3, what is 10102220 + 1020121?
11200111
In base 13, what is 2 - 4549b?
-45499
In base 16, what is -19127 - -2?
-19125
In base 7, what is -5 - 2364152?
-2364160
In base 7, what is 3 + 42646?
42652
In base 6, what is 5 + 322124?
322133
In base 6, what is 210435 + 5?
210444
In base 16, what is 1ad - 3cd4?
-3b27
In base 12, what is a + -399a0?
-39992
In base 8, what is 7527 + -740?
6567
In base 14, what is -d4a + -13d?
-1089
In base 4, what is -232133 + 32?
-232101
In base 9, what is -4 + -57017?
-57022
In base 7, what is -6436 - 2?
-6441
In base 10, what is -13937 + 258?
-13679
In base 8, what is 512057 - 0?
512057
In base 2, what is -1001101111 - 1111100?
-1011101011
In base 9, what is 13734 + 55?
13800
In base 10, what is 28985 + 0?
28985
In base 9, what is -33258 + -8?
-33267
In base 2, what is -1111011100001010101 - -1001?
-1111011100001001100
In base 5, what is -2 - 102002?
-102004
In base 3, what is 2122 - 2010122?
-2001000
In base 16, what is 1 - -143f2?
143f3
In base 3, what is 2010111 - 222?
2002112
In base 11, what is -975a7 - -2?
-975a5
In base 13, what is 222c5 - 4?
222c1
In base 6, what is 5 + 435535?
435544
In base 13, what is 3129bc - 3?
3129b9
In base 15, what is -32163 - 1?
-32164
In base 12, what is -b5 + 4a8?
3b3
In base 8, what is -5070 - -24?
-5044
In base 11, what is -7160 - 28?
-7188
In base 9, what is 1 - -240268?
240270
In base 5, what is -4 - -204000?
203441
In base 14, what is -3 + -2d42ab?
-2d42b0
In base 13, what is 5 - -3564?
3569
In base 7, what is -535601 - 30?
-535631
In base 3, what is -1001101201202 + -1?
-1001101201210
In base 10, what is 21 + -587?
-566
In base 8, what is 14311 + -13?
14276
In base 10, what is 14062 + -5?
14057
In base 10, what is -8 - -1330?
1322
In base 8, what is 525626 - 6?
525620
In base 9, what is 4 + -162025?
-162021
In base 12, what is 654 + -21b?
435
In base 11, what is -5 - 4a1a5?
-4a1aa
In base 8, what is -2206 + -134?
-2342
In base 9, what is 2 - -438633?
438635
In base 13, what is 0 - -3ba1?
3ba1
In base 3, what is 110001122 + 11?
110001210
In base 13, what is -5 + 1921?
1919
In base 15, what is -3 + 2106d8?
2106d5
In base 12, what is -9b0 - -132?
-87a
In base 7, what is 14 - 50040?
-50023
In base 14, what is -711 - -2b?
-6c4
In base 15, what is -4ab9 - -5?
-4ab4
In base 3, what is 1021 + 1011121011?
1011122102
In base 5, what is 12 - 4043144?
-4043132
In base 11, what is -280 + 9aa?
72a
In base 6, what is -10 + 4040535?
4040525
In base 3, what is -10021012102210 - 11?
-10021012102221
In base 13, what is 316 + 845?
b5b
In base 15, what is -4 - a40c?
-a411
In base 13, what is 2 - 18967?
-18965
In base 8, what is -23 + 110300?
110255
In base 6, what is 2 + 31135021?
31135023
In base 15, what is e26 - -e3?
1019
In base 15, what is 25d9 + -1e8?
23e1
In base 2, what is 100110111100110101 - -100?
100110111100111001
In base 11, what is -122486 - 13?
-122499
In base 2, what is 1001011 + 101110011110000?
101110100111011
In base 10, what is -155 + -6941?
-7096
In base 9, what is -26 - -37135?
37108
In base 8, what is -112 - 752?
-1064
In base 5, what is -13 + -1331?
-1344
In base 7, what is 3 - -1616233?
1616236
In base 5, what is -21312241 - 0?
-21312241
In base 7, what is 54 - -103362?
103446
In base 7, what is 3464 - 3?
3461
In base 11, what is 241161 - 0?
241161
In base 5, what is 3 + 432200?
432203
In base 8, what is -3 + 16713?
16710
In base 15, what is 4 - -19b6?
19ba
In base 9, what is 1216 + 238?
1455
In base 10, what is -109 + 131?
22
In base 4, what is -2 + 100011223?
100011221
In base 3, what is 21010120002 - -2?
21010120011
In base 6, what is -5121 + -3?
-5124
In base 3, what is 2 - -1220110120?
1220110122
In base 15, what is 0 - -14b30?
14b30
In base 13, what is 13a8 + 44?
141c
In base 13, what is -4 - -886?
882
In base 13, what is -5735 + -5?
-573a
In base 9, what is -22 + -328?
-351
In base 16, what is f10c + 6?
f112
In base 2, what is 1010000 + 1010111011?
1100001011
In base 10, what is 157 + 327?
484
In base 13, what is -67b + 55?
-626
In base 6, what is 33501102 + -3?
33501055
In base 3, what is 122000 + 202?
122202
In base 6, what is -4 + 2111504?
2111500
In base 12, what is -7 - -53460?
53455
In base 16, what is -5 + 2c09b?
2c096
In base 9, what is -14 + -37703?
-37717
In base 3, what is 12 - 22221000?
-22220211
In base 5, what is -132111 - 11?
-132122
In base 10, what is 249006 + 3?
249009
In base 11, what is 4166 - 5?
4161
In base 8, what is 43013 - 21?
42772
In base 15, what is b8cc - 4?
b8c8
In base 12, what is 36 - -617?
651
In base 15, what is 9658 - -1d?
9676
In base 7, what is -21 - 11032?
-11053
In base 4, what is -1331 + -3100?
-11031
In base 12, what is 4605 - -4?
4609
In base 2, what is -1000100001011 - 10?
-1000100001101
In base 5, what is 34 - 24221020?
-24220431
In base 2, what is -1101001010101 + -110?
-1101001011011
In base 10, what is 42260 - 4?
42256
In base 14, what is -4 - -95d?
959
In base 6, what is 21 - -415402?
415423
In base 13, what is -b6777 - -1?
-b6776
In base 7, what is 42066 - -342?
42441
In base 8, what is 3 + -110336?
-110333
In base 14, what is d48 + 14?
d5c
In base 5, what is -4201244 - 100?
-4201344
In base 3, what is 1110 - -10002211?
10011021
In base 11, what is 7a2 + -1903?
-1111
In base 7, what is 656 + -520?
136
In base 6, what is 1541 - 101?
1440
In base 10, what is -891 - 2582?
-3473
In base 15, what is 44d7 + 132?
4619
In base 6, what is -14 + 222144?
222130
In base 15, what is -2c - 40c?
-439
In base 12, what is 999 + 13?
9b0
In base 15, what is 26c86 + 2?
26c88
In base 14, what is -12cc5 - 45?
-12d2a
In base 8, what is 3147 - 40?
3107
In base 5, what is 3142 - -102?
3244
In base 10, what is 60 + -977?
-917
In base 7, what is -3111 - 34?
-3145
In base 14, what is 192 - -34?
1c6
In base 7, what is -1561 - -112?
-1446
In base 10, what is 423340 + -4?
423336
In base 2, what is 1011100110101 - 1100110100?
1010000000001
In base 9, what is -124 + 47774?
47650
In base 15, what is -39 - -a42?
a08
In base 13, what is 5a21 + 19?
5a3a
In base 10, what is 571 + 195?
766
In base 13, what is -518542 + 3?
-51853c
In base 16, what is 2 + -50ca2?
-50ca0
In base 9, what is -2 - 171503?
-171505
In base 10, what is -305 - -15545?
15240
In base 15, what is 41b + -29?
3e2
In base 9, what is 582 - 44?
537
In base 6, what is -54 - 230?
-324
In base 2, what is -10 - 10111000000010?
-10111000000100
In base 11, what is -7 - -5336?
532a
In base 5, what is 1321212 - -10?
1321222
In base 13, what is 1aa - 114c?
-c72
In base 4, what is 0 + 3112112010?
3112112010
In base 7, what is -202 - -12020?
11515
In base 5, what is -21 + 2341024?
2341003
In base 10, what is 2297022 + 1?
2297023
In base 11, what is -1 + 47883?
47882
In base 13, what is -17c22 - -1?
-17c21
In base 11, what is 31 - -97a6?
9827
In base 16, what is 38d + 16?
3a3
In base 2, what is 1110111010111 - -10?
1110111011001
In base 2, what is -101100100000100 - -101?
-101100011111111
In base 11, what is -1 + -1a5892?
-1a5893
In base 3, what is 212 - 2100122?
-2022210
In base 7, what is 2600 - -331?
3231
In base 10, what is -1908118 - 1?
-1908119
In base